 = -3*m(l) - v(l). What are the prime factors of k(8)?
2
Let x(j) = 6*j - 10. Let h be x(-5). Let r = 75 + h. What are the prime factors of r?
5, 7
Suppose 2*s - 41 = 3*p + 4, 2*s = -6. Let u = p - -28. List the prime factors of u.
11
Let h(o) = 95*o**2 - o. Let j be h(-1). Suppose -2*z + j = 2*z. Let g = z + -8. List the prime factors of g.
2
Let i be (-2 + 3)/(1/(-19)). Let l = 38 + i. What are the prime factors of l?
19
Suppose 0 = -3*q - 6, 133 + 157 = 4*d - 5*q. What are the prime factors of d?
2, 5, 7
What are the prime factors of (-5)/25 - 562/(-10)?
2, 7
Suppose 0*z = 2*z - 60. Let j be (6/(-5))/(9/z). What are the prime factors of 6 - j/(-6)*-3?
2
Suppose -4*i - i = -75. What are the prime factors of i?
3, 5
Suppose -x - 3*b + 9 = -2*b, -5*b = -2*x - 10. Suppose 3*j - x*l - 128 = 0, 3*j - l = -2*l + 104. What are the prime factors of j?
2, 3
Let t be -3 + 4 + (-470)/2. List the prime factors of (-16)/6*t/24.
2, 13
Suppose 2*f = -0*f + 10. Suppose 2 = 5*z - 3*a, -z = -3*z - f*a - 24. Let k(s) = 2*s**2 - s - 1. What are the prime factors of k(z)?
3
Let y be 6/5*50/15. Suppose 40 = y*d - 0*d. What are the prime factors of d?
2, 5
Suppose 2*a + 52 = 3*d, 0*a = -4*d - 2*a + 74. Let t = 11 + d. Suppose 5*y - t - 11 = 0. List the prime factors of y.
2
Suppose 5*y = 4*y + 13. Let p be -1 + 5 + 1/(-1). Suppose 27 = 4*o - 3*c, -p*o - 5*c = o + y. What are the prime factors of o?
3
Let r(h) = -13*h - 1. Let z be r(-1). List the prime factors of 2 + -12*z/(-8).
2, 5
Suppose 5*p - 4*r + 11 = 0, r = 3*p - 2*r + 9. Let d(h) = 5*h - 3*h + 16*h - 1. What are the prime factors of d(p)?
17
Suppose -11 = -3*s + 4. Suppose 16 = -4*m, s*v - m + 10 = 64. What are the prime factors of v?
2, 5
Let l(m) = -m**3 + 5*m**2 + 2*m + 8. Let k be l(6). Let v = 0 - k. List the prime factors of v.
2
Suppose 0 + 16 = -4*h. Let o = h + 6. What are the prime factors of o?
2
Let y = 0 - -2. Suppose 0 = y*z - 62 - 0. List the prime factors of z.
31
Let t(y) = 2*y**2 + 137. Let h be t(0). Suppose -6*z = 17 - h. What are the prime factors of z?
2, 5
Let f(t) = -t**3 + 4*t**2 + t + 6. List the prime factors of f(4).
2, 5
Let l(s) = s**2 - s. Let b(i) = i**2 - 1. Let g be b(1). Suppose g = -d + 4 - 1. What are the prime factors of l(d)?
2, 3
Let h(u) = -u + 22. Let y be h(15). Suppose -b - 2 = -y. List the prime factors of b.
5
Let u(y) be the second derivative of y**5/120 - y**4/24 + y**3/6 - 5*y. Let d(j) be the second derivative of u(j). What are the prime factors of d(4)?
3
Let n be (-4)/14 - 5/7. Let o = 10 - n. What are the prime factors of o?
11
Suppose 0*g - g = 4*r + 14, -3*g - r = -13. Suppose -g*u + u = -10. What are the prime factors of 1/u - 27/(-2)?
2, 7
Let l be ((-18)/8)/(2/8). Let w be 6/(-4)*114/l. Suppose -3*f - 1 = -w. What are the prime factors of f?
2, 3
Let v = -167 + 255. List the prime factors of v.
2, 11
Let n(h) = 38 + 3*h - 7*h**2 - 2*h + 8*h**2. List the prime factors of n(0).
2, 19
Suppose -5*d = -y - 17, -2*d - 1 = 4*y + 1. Suppose -d*m = -m - 50. List the prime factors of m.
5
Suppose -4*t = 2*t - 276. What are the prime factors of t?
2, 23
Let u be (6/4)/(1/4). Suppose 2*l - u*l = -96. Suppose -g - g = -l. List the prime factors of g.
2, 3
Let t be (-8)/(-36) - (-16)/9. Suppose 0 = t*v - 6*v + 48. List the prime factors of v.
2, 3
Let j be (39/6)/(2/4). Suppose 2*k - j = -3. What are the prime factors of k?
5
Let o = 33 - 26. List the prime factors of o.
7
Suppose -5*d + o + 18 + 7 = 0, -4*d + 4*o + 36 = 0. Let q be 2*(-33)/(-24)*d. Let l = q - 7. List the prime factors of l.
2
Let g be -6*1*6/(-9). Suppose -g*d - 4*w = -d - 29, 3*d - 11 = 5*w. What are the prime factors of d?
7
Let u(y) be the first derivative of -11*y**4/4 + 2*y**3/3 + y**2/2 - 10. What are the prime factors of u(-1)?
2, 3
What are the prime factors of 6/(-33) - 5/(220/(-10348))?
5, 47
Let g(l) = l**2 - 4*l - 10. List the prime factors of g(-4).
2, 11
Let i(a) = -2*a**3 - 4*a**2 - 9*a + 6. List the prime factors of i(-6).
2, 3, 29
Let z = 46 - -64. List the prime factors of z.
2, 5, 11
List the prime factors of (-3)/7 - 300/(-14).
3, 7
Let h = -8 + 21. List the prime factors of h.
13
Suppose -179 = -13*d + 146. What are the prime factors of d?
5
Let z = -22 - -39. List the prime factors of z.
17
Let l be (-3)/2*-4 + 3. Suppose -3*o + 0 = -l. List the prime factors of o.
3
Suppose 5 = z + 3. Let u be z - (-2)/1*-2. What are the prime factors of ((-1)/u)/(3/18)?
3
Suppose 2*m - 330 = -4*u, -2*m = u + 5 - 332. What are the prime factors of m?
163
Let a be (-4 - (-4 + 1))/((-2)/2). Let m(h) = h + 3*h**2 - 2*h**2 + 17*h**3 - 2*h**2. What are the prime factors of m(a)?
17
Suppose -44 + 14 = -2*h. What are the prime factors of h?
3, 5
Let z(k) = k + 12. Let g = -3 + 3. Let v be -7 - (g + 1 - -1). What are the prime factors of z(v)?
3
Suppose 0 = -k + 6*k + 15, 4*z + 3*k - 1139 = 0. List the prime factors of z.
7, 41
Let c(l) be the second derivative of -l**4/12 + 5*l**3/6 - 4*l**2 + 2*l. Let k be c(6). Let a = k - -27. What are the prime factors of a?
13
List the prime factors of 56/6 - (-4)/6.
2, 5
Let g = -24 - -47. List the prime factors of g.
23
Let h = 288 - 16. List the prime factors of h.
2, 17
Let p(d) = -3*d - 2. Let v = 8 + -5. Suppose 2*l + l = 5*s - 33, v*l - 2*s = -24. What are the prime factors of p(l)?
2
Let t be (-3)/(0 - 6/8). Let f be 2 - (t + 2) - 0. List the prime factors of 150/14 + f/(-14).
11
Suppose -3*d - d = -148. What are the prime factors of d?
37
Suppose -z + i = -40, 52 - 260 = -5*z + i. Suppose -g + 4*g = z. List the prime factors of g.
2, 7
Suppose 0 = -t + 3*t - 6. List the prime factors of t.
3
Let z = -1 + 10. Suppose 5*n = 3*k + 24, n - k - 7 = -3. What are the prime factors of (2 + 13)*n/z?
2, 5
Suppose -x + 4*x = 0. Suppose 3*f + 2*j - 49 = 0, -f - j + 0*j + 17 = x. List the prime factors of f.
3, 5
Suppose -34 = -d + 4*s, -3*s - s + 56 = 2*d. List the prime factors of d.
2, 3, 5
Let l be ((-32)/40)/((-2)/25). Suppose -3*w - 2*w + 77 = -2*m, -w = 5*m - l. What are the prime factors of w?
3, 5
Suppose -2*c - 2*c + 12 = 0. Suppose 0 = -2*p + j + 16, 3*p - c*j - 26 = -5. List the prime factors of p.
3
Let n be ((-1 - 1) + 2)*1. Suppose n*r - 2*r = -70. Suppose -3 = 2*g - 4*m - r, -4*g = -m - 57. List the prime factors of g.
2, 7
List the prime factors of -19 - -292 - 2/1.
271
Suppose 0 = 3*w + 4*z - 2 + 4, 4*w - 5*z + 13 = 0. What are the prime factors of (24 - (-6)/w)*1?
3, 7
Let t = 24 + -21. Suppose -t*i = 5*v - 123 - 173, -5*i = 3*v - 184. What are the prime factors of v?
2, 29
List the prime factors of 9/6*(-38)/(-3).
19
Suppose 4*o = g - 40, -44 = -0*g - 2*g - o. Suppose 0 = 2*t + 5*s - g, -t - t + 5*s = -24. What are the prime factors of t?
2, 3
Let f be ((-9)/(-6))/(2/4). Suppose -2*n = 4*j + f*n + 13, -4*j - 4*n = 8. Suppose -23 = j*p - 59. List the prime factors of p.
2, 3
Let m(s) = s**2 - 4. Let x be m(-2). Suppose 2*o = 0, x*a + 13 = a - 3*o. What are the prime factors of a?
13
Suppose 23 = f - 28. What are the prime factors of f?
3, 17
Let f = -3 - -3. Suppose f = -4*o + 2 + 6. Suppose -7*c + o*c + 65 = 0. What are the prime factors of c?
13
Suppose 2 = -x + 4. List the prime factors of x.
2
Let j be (-1 + 2)/(2/(-6)). Let k be (0 + -6)/j + -3. What are the prime factors of k/(-1 - 30/(-33))?
11
Let c be (6/4)/(13/156). List the prime factors of 18/(-4)*(-24)/c.
2, 3
Let w(y) = y**2 - 7*y + 25. List the prime factors of w(10).
5, 11
List the prime factors of 6/(-36) - (-326)/12.
3
What are the prime factors of 123 - ((-7)/(-7) - (1 + -1))?
2, 61
Suppose 0 = 3*h + f - 2*f - 431, 8 = -4*f. List the prime factors of h.
11, 13
Let d be (-3)/6 + 3/2. Let w be d/(-3) - 2/3. Let j = 8 - w. List the prime factors of j.
3
Suppose 0 = x - 6 - 0. Let d(h) = h**3 - 5*h**2 - 4*h - 1. List the prime factors of d(x).
11
Let r(d) = d - 2*d - 2*d + d**2 + 0*d + 2. Let b be r(4). Let q(n) = -n**2 + 7*n - 3. List the prime factors of q(b).
3
Let s = -8 - -2. Let x be ((-2)/3)/(s/99). Suppose 2*c - 6 = -4*j - c, -4*c = -j + x. List the prime factors of j.
3
Let o be (10/(-3))/(4/(-18)). Suppose 2*m - 23 = -f, 0 = -4*f + 4*m - o + 143. Let c = f + -17. List the prime factors of c.
2, 3
Let t(y) = -y**3 - 4*y**2 - 5*y. Let z be t(-4). Let o be (-4)/z +